e -5*g = -o + 369. Let y = g - -163. Is y prime?
False
Let j(w) = w**3 - w**2 + 2*w + 3. Let k be j(-2). Let o = k - -102. Is o a prime number?
True
Let v = 1118 - 592. Suppose -r + 139 = 4*i, 4*r - i + 2*i - v = 0. Is r prime?
True
Let w = 844 - 303. Is w prime?
True
Let b(a) = -a**3 - 3*a**2 - a - 1. Suppose 5*n - 3 = 3*m + 2*n, -3*m + n - 7 = 0. Is b(m) a prime number?
True
Suppose -r + 878 + 381 = 0. Is r prime?
True
Let r be -4 - (-3 - 0) - -4. Let o = -5 + 9. Suppose f + s = -o*f + 234, -r*f + 158 = 5*s. Is f a prime number?
False
Let i(a) = -a**3 + 9*a**2 + 1. Suppose 0 = l - 4 - 5. Let k be i(l). Suppose -z - k + 92 = 0. Is z a prime number?
False
Let f(r) = 2*r**3 - 4*r**2 - r + 1. Let q be f(3). Let l be q*(-4)/(-2 + 4). Let y = -6 - l. Is y prime?
False
Is 218/1*4/8 composite?
False
Let o = -5 + 7. Let c = 23 + -19. Suppose -o*z = -3*y - 36, -c*z + 4*y = y - 66. Is z a prime number?
False
Let s be 4*(564/8 - 2). Suppose 3*z - s = -4*v, -v = 5*z - 20 - 57. Is v composite?
False
Suppose o + 14 = -1. Let s be -5*(0 - 6/o). Let i(w) = -16*w**3 - w**2 + 3*w + 1. Is i(s) composite?
True
Let y be (2 + 1)/(1/3). Let m = 40 - y. Is m a prime number?
True
Is 36 - (4 - (7 - 4)) a prime number?
False
Let j = 42 + -30. Suppose 4*w - j = w. Let z(d) = 5*d - 6. Is z(w) prime?
False
Let j = 9 + -6. Suppose -k = -5*d + 502, 306 = j*d - 2*k - k. Suppose -w = 3*w - d. Is w composite?
True
Let y(d) = -d**2 + 4*d + 6. Let j be y(5). Let s = 2 + j. Is s a composite number?
False
Suppose 0*k + 136 = -2*k. Let o = k - -165. Is o a composite number?
False
Let f(z) = z**3 - 2*z**2 + z + 535. Is f(0) a prime number?
False
Let v be (4/2 + -4)*-568. Suppose 0 = -4*f + j + v, -277 = -f - 0*j + 2*j. Suppose 4*c - 5*d + f = 8*c, 0 = -2*c + 5*d + 105. Is c a prime number?
False
Let r = 102 + 36. Let s = r - 67. Is s prime?
True
Is (5557/2)/((-8)/(-16)) prime?
True
Let p(k) = 31*k + 6. Let g = 7 - 0. Is p(g) prime?
True
Suppose 5*r - 2010 = -0*r. Suppose 2*n + 300 = -r. Let l = n + 512. Is l prime?
False
Suppose 4*m - 312 = l, -146 = -4*m + 4*l + 154. Let u = m - -16. Is u prime?
False
Let q be 6*(-2)/(-4) + -9. Let x = -7 + 11. Is -1*2*q/x a composite number?
False
Let h(y) = -y**3 - 8*y**2 + 5*y + 7. Is h(-10) a composite number?
False
Let o(g) = -22*g + 3. Let f(i) = 67*i - 8. Let p(a) = 4*f(a) + 11*o(a). Is p(3) composite?
False
Let i(g) = 59*g - 7. Is i(6) prime?
True
Suppose -u + 4*u + 3 = 0. Let k be 1*(-2 + u) + -162. Is 2/(k/57 + 3) a prime number?
True
Suppose 15 = 4*y - 5. Suppose 0 = d - y*d - 5*w + 144, 0 = 3*w - 12. Is d composite?
False
Let o(c) = c**3 - 7*c**2 + 9. Let a be o(7). Suppose -g + 4*g = a. Is g composite?
False
Let d(n) = n**2 + 67. Is d(0) a prime number?
True
Let l be 1 + -2 + (-1 - 4). Let m = l - -16. Is m prime?
False
Suppose 2*a = -5*o - a + 363, 3 = 3*a. Is 16/o - 7250/(-18) a composite number?
True
Let b(i) = -i + 0*i - 1 - 2. Let h be b(-7). Is ((-2)/h)/(2/(-44)) a composite number?
False
Suppose 3*s - 140 = -38. Is s composite?
True
Let y be (-57)/(-21) - 6/(-21). Suppose 4*v - 3*v - 5 = -y*w, -v = -2*w. Suppose -v*b - b = -9. Is b prime?
True
Let i = 15 - 6. Let t(w) = -w**2 + 19*w + 1. Is t(i) composite?
True
Is 357/27 - 2/9 composite?
False
Let k = 308 - -73. Is k a composite number?
True
Let y(i) = -36*i**3 + 2*i**2 + i + 3. Let v be y(-2). Let g = 480 - v. Is g composite?
True
Suppose -5*j = -2*j - 1239. Is j a composite number?
True
Let m = -850 + 472. Let n = m + 1057. Is n a composite number?
True
Suppose 0 = 27*h - 23*h - 16844. Is h a prime number?
True
Let q = -20 + 54. Let l = 1 + -4. Let z = l + q. Is z prime?
True
Suppose 0*u - 4*u = -16. Suppose g - u*p - 21 = 0, -4*g - 2*p + 82 = -2. Is g a composite number?
True
Suppose 3*o - 13 = 3*u + 5, -2*u - 14 = -3*o. Is ((-14)/(-21))/(u/(-198)) prime?
False
Let k be (-6027)/(-27) - (-4)/(-18). Let c = -6 + k. Suppose c + 51 = 4*u. Is u composite?
False
Is (-1 - -3) + 1 + 446 a composite number?
False
Let c(s) = 20*s**3 + s**2 - s + 1. Let a be c(1). Suppose -a = -g + 12. Is g composite?
True
Let l = 1457 + -514. Is l a composite number?
True
Suppose 0 = -0*d + 2*d - 3*i - 182, -3*d + 275 = -5*i. Is d prime?
False
Let k(f) = 130*f - 2. Let z be k(4). Suppose 0 = -0*j + 2*j - z. Is j prime?
False
Let b = 5093 - 1734. Is b composite?
False
Suppose 12*g - 12192 = -156. Is g a prime number?
False
Let b(y) be the third derivative of -y**6/120 + 4*y**5/15 - y**4/4 + 11*y**3/6 - 7*y**2. Is b(14) a composite number?
True
Is 3*(-2 - (-939)/9) a prime number?
True
Suppose 2*s - 2925 = -163. Is s prime?
True
Let p(k) = 5*k + 7. Let a be p(8). Let i = a - 28. Is i prime?
True
Suppose 3*g - g = 3166. Is g a composite number?
False
Suppose -226 = -4*j + 130. Is j a prime number?
True
Let l(c) = c - 2. Suppose -4*g = g - 30. Let r be l(g). Suppose r*q - 2*v - 130 = 0, 0 = -q + 2*v - 6*v + 19. Is q prime?
True
Suppose i + 4 = 14. Is i a prime number?
False
Suppose 3*h - 1 = -2*s + 3, 4 = 2*s. Suppose h = r - 0*d - 5*d - 78, -5*d = 3*r - 174. Let q = r - 29. Is q prime?
False
Let z be 2/(-7) + (-60)/(-14). Suppose 0 = -z*u + u. Is (-3 + u)*-1*1 a composite number?
False
Suppose 3*n - 5*n - 22 = 0. Let m = 26 - n. Is m composite?
False
Suppose 4*k = 184 + 312. Suppose 0 = -7*y + 3*y + k. Is y prime?
True
Let y(z) be the second derivative of z**3/6 - 3*z**2 - 2*z. Let u(d) = 10*d - 65. Let a(s) = -6*u(s) + 65*y(s). Is a(2) composite?
True
Suppose 0 = -3*c + 4*c - 3. Suppose c*h + 4*n - 70 = 0, 0 = -5*n + 5. Suppose m - h = 13. Is m prime?
False
Let k = 124 - -111. Is k a prime number?
False
Let z be (-7 - -16) + -2 + -1. Let l be ((-4)/(2*-1))/2. Suppose z = p - l. Is p prime?
True
Let z = 11310 - 7403. Is z a prime number?
True
Suppose -w + 40 = 4*w. Suppose -5*q = -2 - w, -4*f + 176 = 4*q. Is (1/2)/(3/f) prime?
True
Suppose 0 = d, -5*k = -5*d + 245 + 175. Let p = k + 175. Is p composite?
True
Suppose 38*j - 50*j + 37236 = 0. Is j prime?
False
Let q = -1 - -5. Suppose 0 = -g - q*g + 155. Is g a composite number?
False
Suppose -2*x + 0*x + 512 = 0. Let s = x + -141. Is s composite?
True
Is (353 + -6)*(-2)/(-2) a prime number?
True
Let k = -429 + 746. Is k composite?
False
Let n(b) = -b**3 + 4*b**2 - 2*b + 1. Let w be n(3). Suppose -w*c - 177 = -7*c. Is c composite?
False
Let j(h) = h + 7. Let g(t) = -7. Let z(l) = -3*g(l) - 4*j(l). Is z(-10) prime?
False
Suppose -2*v - 11 = -77. Suppose 2*q - 35 = v. Is q prime?
False
Let l be 4/8 + 3/2. Suppose 0*u - u = l. Is 1 + (-2 - u) - -34 composite?
True
Suppose 159 - 19 = 4*z. Is z a composite number?
True
Suppose -n + 3 - 1 = 0. Suppose -8 = -5*s - 33. Is (-6 - s)/(n/(-118)) a composite number?
False
Let t(d) = 4*d**3 + 3*d**2 - 4*d + 5. Is t(4) a composite number?
False
Suppose 0 = -2*f - 4, 0*v - 3 = 3*v + 3*f. Let s(h) = 131*h**3 - h**2 + 1. Is s(v) a composite number?
False
Let c(r) = 35*r + 9. Is c(4) a composite number?
False
Suppose 0*j + 234 = -2*j. Let u = j + 41. Is u/12*1*-3 composite?
False
Is (145/(-3))/((-10)/30) prime?
False
Suppose -6*b = -11*b + 6410. Is b composite?
True
Let l = -5 - -10. Suppose 0 = 5*m - l, -3*i + m + 9 = -2*m. Suppose -5*t + 329 = -0*x - i*x, 0 = 4*t - 5*x - 265. Is t prime?
False
Suppose 5*g - 6590 = 2880. Suppose -5*k + p = -g, -1663 = -4*k + 5*p - 152. Is k a prime number?
True
Let z(h) = 3*h**2 - 2*h**2 + 0*h**2 - 7*h - 4. Let p = -6 + 15. Is z(p) a composite number?
True
Let w(o) be the second derivative of 1/6*o**3 + 1/12*o**4 + 0 - 3/2*o**2 - o. Is w(-4) prime?
False
Suppose -3*a - 3*y = -1788, -5*a + 3*y - 7*y + 2975 = 0. Is a prime?
False
Let k = 1930 + 1. Is k a composite number?
False
Is 3/9 + (-248)/(-3) a composite number?
False
Suppose -2*y - 5*m = -0*y - 14, 3*y + 4*m = 14. Let r(z) = -2*z + y - 3*z**2 + 5*z**2 - 7. Is r(-5) a prime number?
False
Let l be (1 - 28)*1 + -1. Is l/(-21)*(-42)/(-4) a prime number?
False
Let a(c) = -9*c + 11. Let l(x) = -x**2. Let j(b) = -3*b**2 + 5*b - 2. Let s(p) = j(p) - 4*l(p). Let z be s(-3). Is a(z) prime?
True
Let l = 105 - 75. Suppose 3*r + h + l = 0, -2*r - 4*h = -5*h + 15. Let q = r - -104. Is q composite?
True
Let i(j) = -j**3 - 2*j**2 + 3*j. Let g be i(-3). Suppose 5*m = w, 3*w + g*m + 2*m - 17 = 0. Suppose -2*o - 2*h = -w*h - 158, 79 = o - 3*h. Is o p